{"id":304,"date":"2016-01-07T14:05:15","date_gmt":"2016-01-07T13:05:15","guid":{"rendered":"http:\/\/elektroelch.de\/draft\/?page_id=304"},"modified":"2016-01-07T16:07:41","modified_gmt":"2016-01-07T15:07:41","slug":"3-3-systementwurf","status":"publish","type":"page","link":"https:\/\/elektroelch.de\/drafts\/betriebliche-projektarbeit-content-syndication-von-nightloop-de\/3-dokumentation\/3-3-systementwurf\/","title":{"rendered":"3.3 Systementwurf"},"content":{"rendered":"<p>Das System besteht aus Servermodulen, die Anfragen \u00fcber eine URL oder \u00fcber SOAP entgegennehmen, auswerten und die entsprechenden Daten an den anfragenden Rechner zur\u00fccksenden und einem Client, der die Anfrage an den Server stellt und die zur\u00fcckgelieferten Daten anschlie\u00dfend auswertet.<\/p>\n<p>Zus\u00e4tzlich existiert ein Web-Interface, das es erm\u00f6glicht, durch Einstellungen weniger Parameter, Programmcode f\u00fcr eine individuelle Darstellung der Schlagzeilen auf einer externen Web-Pr\u00e4senz zu erstellen.<\/p>\n<p>Des weiteren werden dem erfahrenen Programmierer Beispiele in Perl und PHP an die Hand gegeben, die die Anwendung des Web-Services illustrieren.<\/p>\n<p>Der Ablauf einer Anfrage ist in folgende Teilabl\u00e4ufe gegliedert:<\/p>\n<ul>\n<li>Der Client sendet per URL oder SOAP eine Anfrage mit entsprechenden Parametern an den Server.<\/li>\n<li>Der Server wertet die Parameter aus und fragt die Daten aus der Datenbank ab.<\/li>\n<li>Der Server erstellt aus den Daten ein XML- oder RDF-Dokument und sendet es an den Client mit dem gew\u00fcnschten Protokol zur\u00fcck.<\/li>\n<\/ul>\n<p>Der Client wertet das Dokument aus und transformiert die Daten zur weiteren Verarbeitung. Bei der Transformation muss es sich nicht notwendigerweise um eine Darstellung mit Hilfe von HTML handeln.<\/p>\n","protected":false},"excerpt":{"rendered":"<p>Das System besteht aus Servermodulen, die Anfragen \u00fcber eine URL oder \u00fcber SOAP entgegennehmen, auswerten und die entsprechenden Daten an den anfragenden Rechner zur\u00fccksenden und einem Client, der die Anfrage an den Server stellt und die zur\u00fcckgelieferten Daten anschlie\u00dfend auswertet. Zus\u00e4tzlich existiert ein Web-Interface, das es erm\u00f6glicht, durch Einstellungen weniger Parameter, Programmcode f\u00fcr eine individuelle [&hellip;]<\/p>\n","protected":false},"author":1,"featured_media":0,"parent":291,"menu_order":2,"comment_status":"closed","ping_status":"closed","template":"","meta":{"webmentions_disabled_pings":false,"webmentions_disabled":false,"footnotes":""},"class_list":["post-304","page","type-page","status-publish","hentry"],"_links":{"self":[{"href":"https:\/\/elektroelch.de\/drafts\/wp-json\/wp\/v2\/pages\/304","targetHints":{"allow":["GET"]}}],"collection":[{"href":"https:\/\/elektroelch.de\/drafts\/wp-json\/wp\/v2\/pages"}],"about":[{"href":"https:\/\/elektroelch.de\/drafts\/wp-json\/wp\/v2\/types\/page"}],"author":[{"embeddable":true,"href":"https:\/\/elektroelch.de\/drafts\/wp-json\/wp\/v2\/users\/1"}],"replies":[{"embeddable":true,"href":"https:\/\/elektroelch.de\/drafts\/wp-json\/wp\/v2\/comments?post=304"}],"version-history":[{"count":3,"href":"https:\/\/elektroelch.de\/drafts\/wp-json\/wp\/v2\/pages\/304\/revisions"}],"predecessor-version":[{"id":307,"href":"https:\/\/elektroelch.de\/drafts\/wp-json\/wp\/v2\/pages\/304\/revisions\/307"}],"up":[{"embeddable":true,"href":"https:\/\/elektroelch.de\/drafts\/wp-json\/wp\/v2\/pages\/291"}],"wp:attachment":[{"href":"https:\/\/elektroelch.de\/drafts\/wp-json\/wp\/v2\/media?parent=304"}],"curies":[{"name":"wp","href":"https:\/\/api.w.org\/{rel}","templated":true}]}}