{"id":346,"date":"2016-01-07T15:10:57","date_gmt":"2016-01-07T14:10:57","guid":{"rendered":"http:\/\/elektroelch.de\/draft\/?page_id=346"},"modified":"2016-01-07T16:07:41","modified_gmt":"2016-01-07T15:07:41","slug":"a-2-zeitlicher-projektablauf","status":"publish","type":"page","link":"https:\/\/elektroelch.de\/drafts\/betriebliche-projektarbeit-content-syndication-von-nightloop-de\/a-2-zeitlicher-projektablauf\/","title":{"rendered":"8 Zeitlicher Projektablauf"},"content":{"rendered":"<table>\n<tr>\n<td>Datum<\/td>\n<td>Montag, 3. M\u00e4rz 2003<\/td>\n<\/tr>\n<tr>\n<td>T\u00e4tigkeit<\/td>\n<td>Ist-Aufnahme, Erstellung des Sollkonzepts<\/td>\n<\/tr>\n<tr>\n<td>Zeitverbrauch<\/td>\n<td>8 Stunden (6 +2)<\/td>\n<\/tr>\n<tr>\n<td>Beschreibung<\/td>\n<td>In einer Besprechung mit dem Teamleiter der Technik der Firma nordwest.net GmbH wurde die Notwendigkeit festgestellt, den Bekanntheitsgrad der Website \u201eNightlloop.de\u201c zu erh\u00f6hen. Nach der Festellung der technische Gegebenheiten wurde ein Sollkonzept erstellt. Als Ausgangslage f\u00fcr die Programmierung wurde das Pflichtenheft erstellt.<\/td>\n<\/tr>\n<\/table>\n<table>\n<tr>\n<td>Datum<\/td>\n<td>\nDienstag, 4. M\u00e4rz 2003<\/td>\n<\/tr>\n<tr>\n<td>T\u00e4tigkeit<\/td>\n<td>\nErstellung des Sollkonzepts (Fortsetzung), Planung und Vorbereitung<\/td>\n<\/tr>\n<tr>\n<td>Zeitverbrauch<\/td>\n<td>\n7 Stunden (2 + 5)<\/td>\n<\/tr>\n<tr>\n<td>Beschreibung<\/td>\n<td>\nNach einer Fortf\u00fchrung der Erstellung des Sollkonzeptes wurde eine Grobfassung des Programms geplant. Die Server und ein Client wurden f\u00fcr die Programmierung vorbereitet, indem die notwendigen Module f\u00fcr Perl und PHP installiert und getestet wurden. Die Grobfassung der Plaung wurde verfeinert und in einzelne Module aufgeteilt.<\/td>\n<\/tr>\n<\/table>\n<table>\nDatum<br \/>\nMittwoch, 5. M\u00e4rz 2003<br \/>\nT\u00e4tigkeit<br \/>\nEntwicklung des XML\/RDF-Exports<br \/>\nZeitverbrauch<br \/>\n8 Stunden<br \/>\nBeschreibung<br \/>\nIn diesem Schritt wurde auf dem Server ein Modul erstellt, das aus den Inhalten der Datenbank ein XML- bzw. RDF-Dokument erstellt. Um die Programmierschnittstelle DOM nutzen zu k\u00f6nnen, musste auf dem Server ein zus\u00e4tzliches PHP-Modul installiert werden.<br \/>\n<\/table>\n<table>\nDatum<br \/>\nDonnerstag, 6. M\u00e4rz 2003<br \/>\nT\u00e4tigkeit<br \/>\nEntwicklung der Server, Entwicklung der Beispiel Clients<br \/>\nZeitverbrauch<br \/>\n8 Stunden (4 + 4)<br \/>\nBeschreibung<br \/>\nNachdem die Programmteile zur Srstellung der XML-Dokumente beendet wurde, konnte die Arbeit an den beiden Server-Modulen begonnen werden.<br \/>\nUm dem potentiellen Benutzer Besipiele der Nutzung an die Hand zu geben wurden zwei Beispiel-Client in den Sprachen perl und PHP entwickelt.<br \/>\n<\/table>\n<table>\nDatum<br \/>\nFreitag, 7. M\u00e4rz 2003<br \/>\nT\u00e4tigkeit<br \/>\nEntwicklung der Beispiel-Clients (Fortsetzung) und Test der Server- und Client-Module<br \/>\nZeitverbrauch<br \/>\n6,5 Stunden<br \/>\nBeschreibung<br \/>\nDie Clients wurden weiter entwicklet und die Zusammenarbeit mit den bestehenden Servern getestet. Nach R\u00fccksprache mit dem teamleiter wurde Teile der Clients ver\u00e4ndert und verbessert.<br \/>\n<\/table>\n<table>\nDatum<br \/>\nMontag, 10. M\u00e4rz 2003<br \/>\nT\u00e4tigkeit<br \/>\nWeiterentwicklung, Test der Clients, Erstellung der WSDL-Beschreibung undEntwicklung der Code-Vorlagen<br \/>\nZeitverbrauch<br \/>\n8 Stunden (1,5 + 4 + 2,5)<br \/>\nBeschreibung<br \/>\nDie Programmierung der Clients wurde abgeschlossen und eine dynamische WSDL-Beschreibung entwickelt. Als Grundlage f\u00fcr das Web-INtrerface wurde mit der Erstellung der Code-Vorlagen begonnen.<br \/>\n<\/table>\n<table>\nDatum<br \/>\nDienstag, 11. M\u00e4rz 2003<br \/>\nT\u00e4tigkeit<br \/>\nEntwicklung der Code-Vorlagen (Fortsetzung) und Enwtwicklung des Web-Interfaces<br \/>\nZeitverbrauch<br \/>\n8 Stunden (6,5 + 1,5)<br \/>\nBeschreibung<br \/>\nDie Entwicklung der Code-Vorlagen wurde beendet und die Erstellung des Web-Interfaces begonnen.<br \/>\n<\/table>\n<table>\nDatum<br \/>\nMittwoch, 12. M\u00e4rz 2003<br \/>\nT\u00e4tigkeit<br \/>\nEntwicklung des Web-Interfaces (Fortsetzung) und der Kurzreferenz<br \/>\nZeitverbrauch<br \/>\n6,5 Stunden (4,5 + 2)<br \/>\nBeschreibung<br \/>\nDie Erstellung des Web-Interfaces wurde abgeschlossen und die Code-Vorlagen in das Interface eingebunden.<br \/>\n<\/table>\n<table>\nDatum<br \/>\nDonnerstag, 13. M\u00e4rz 2003<br \/>\nT\u00e4tigkeit<br \/>\nErstellung der Projektdokumentation<br \/>\nZeitverbrauch<br \/>\n8 Stunden<br \/>\nBeschreibung<br \/>\nZum Abschluss des Projekts wurde die Dokumentation erstellt.<br \/>\n<\/table>\n<table>\nDatum<br \/>\nFreitag, 14. M\u00e4rz 2003<br \/>\nT\u00e4tigkeit<br \/>\nErstellung der Projektdokumentation (Fortsetzung)<br \/>\nZeitverbrauch<br \/>\n2 Stunden<br \/>\nBeschreibung<br \/>\nDie letzten Teile der Dokumentation wurden erstellt und die Projektdateien zusammengestellt.<br \/>\n<\/table>\n","protected":false},"excerpt":{"rendered":"<p>Datum Montag, 3. M\u00e4rz 2003 T\u00e4tigkeit Ist-Aufnahme, Erstellung des Sollkonzepts Zeitverbrauch 8 Stunden (6 +2) Beschreibung In einer Besprechung mit dem Teamleiter der Technik der Firma nordwest.net GmbH wurde die Notwendigkeit festgestellt, den Bekanntheitsgrad der Website \u201eNightlloop.de\u201c zu erh\u00f6hen. Nach der Festellung der technische Gegebenheiten wurde ein Sollkonzept erstellt. Als Ausgangslage f\u00fcr die Programmierung wurde [&hellip;]<\/p>\n","protected":false},"author":1,"featured_media":0,"parent":267,"menu_order":8,"comment_status":"closed","ping_status":"closed","template":"","meta":{"webmentions_disabled_pings":false,"webmentions_disabled":false,"footnotes":""},"class_list":["post-346","page","type-page","status-publish","hentry"],"_links":{"self":[{"href":"https:\/\/elektroelch.de\/drafts\/wp-json\/wp\/v2\/pages\/346","targetHints":{"allow":["GET"]}}],"collection":[{"href":"https:\/\/elektroelch.de\/drafts\/wp-json\/wp\/v2\/pages"}],"about":[{"href":"https:\/\/elektroelch.de\/drafts\/wp-json\/wp\/v2\/types\/page"}],"author":[{"embeddable":true,"href":"https:\/\/elektroelch.de\/drafts\/wp-json\/wp\/v2\/users\/1"}],"replies":[{"embeddable":true,"href":"https:\/\/elektroelch.de\/drafts\/wp-json\/wp\/v2\/comments?post=346"}],"version-history":[{"count":5,"href":"https:\/\/elektroelch.de\/drafts\/wp-json\/wp\/v2\/pages\/346\/revisions"}],"predecessor-version":[{"id":360,"href":"https:\/\/elektroelch.de\/drafts\/wp-json\/wp\/v2\/pages\/346\/revisions\/360"}],"up":[{"embeddable":true,"href":"https:\/\/elektroelch.de\/drafts\/wp-json\/wp\/v2\/pages\/267"}],"wp:attachment":[{"href":"https:\/\/elektroelch.de\/drafts\/wp-json\/wp\/v2\/media?parent=346"}],"curies":[{"name":"wp","href":"https:\/\/api.w.org\/{rel}","templated":true}]}}